t of (-4)/(-10)*(x - 7)?
6
Let j(g) = 4*g**2 + 41*g - 353. What is the units digit of j(-26)?
5
Suppose 3*w = -2*w + 5. What is the tens digit of (2 + w/((-3)/48))*-2?
2
Suppose -60 = -12*x + 7*x. Suppose 7*o = 3*o + x. Suppose -42 = -3*c + o*n, -4*c + 3*n + 51 = -0*c. What is the units digit of c?
9
Suppose -6 - 9 = -5*w. Suppose -5*q = -b - 259, 5*q + w*b - 243 = -0*b. What is the units digit of q?
1
Suppose -6*a = 10*a - 16128. What is the tens digit of a?
0
What is the units digit of 1288/((-4)/26 - 448/(-546))?
2
Let m = 8 + -7. Let h(j) = -j**2 + 3*j - 1. Let q be h(m). What is the units digit of q - (1 - 144/3)?
8
Suppose 0 = -2*y + 3*x + 17, 3*y - 5 - 13 = 2*x. Let j be 3/(-2) - (-14)/y. Suppose 5*h + 33 = -j*g + 3*g, 2*h = -4*g + 154. What is the units digit of g?
8
Let w(g) = 4*g**3 - 2*g + 3. Suppose -46*k + 44*k = -4. What is the tens digit of w(k)?
3
Suppose 0 = 8*i + 5*i - 9477. What is the hundreds digit of i?
7
Suppose 0 = 73*s - 10190 - 3096. What is the tens digit of s?
8
Suppose -72 = -p + 30. Let c = -141 + 81. Let g = c + p. What is the tens digit of g?
4
Suppose 5*b + 22 = u + 2*u, 2*b = 5*u - 24. Let g be (-4)/(-6)*(-15)/b. Suppose -y + 13 = -f, 0 = 4*y - y + g*f - 23. What is the units digit of y?
1
What is the units digit of 257/(-2)*5/(-10)*4?
7
Suppose -2*q + 2598 = 3*q - 2*f, 4*f - 2084 = -4*q. What is the tens digit of q?
2
Suppose 4 + 13 = -b. Let n = b - -17. Suppose n = -3*r + 5*r - 26. What is the units digit of r?
3
Let s be (-1 - 4) + (-20)/4. Let m(j) = -37*j - 61. What is the tens digit of m(s)?
0
Suppose 4*m = 10 - 78. Let r(j) = 11*j - 15. Let a be r(3). Let s = m + a. What is the units digit of s?
1
What is the thousands digit of 8/(-8)*6 - 2622/(-2)?
1
Suppose 4*q + 11 = -3*b, 0 = 2*b - 2*q - 2. What is the units digit of 0 - (2 + b*133)?
1
Suppose -2*o + 2*v + 4 = -4, 4*v = 3*o - 12. Suppose -s = -0*s + o. What is the tens digit of 8/s*-1*14?
2
Let p = 29 + 22. What is the units digit of (p/(-4))/((-21)/(-280)*-1)?
0
Let w(v) = -1468*v**2 - 28*v. Let y(a) = -267*a**2 - 5*a. Let c(q) = 5*w(q) - 28*y(q). What is the units digit of c(1)?
6
Suppose 8 = 5*s - 17, -4*w - 2*s = 50. Let r = w - -19. Suppose -88 = -2*l + 2*a, l - r*l = -a - 122. What is the tens digit of l?
3
Let p = 7 + 0. Suppose -p*z = 2*z - 540. What is the tens digit of z?
6
Let y = -50 - -54. Suppose -365 = -n - y*n. What is the tens digit of n?
7
Suppose -313 = -2*y + y. Suppose -3*a - 4*c = -y, 4*a + 2*c = -c + 408. What is the tens digit of a?
9
Suppose 5*p = 35*d - 30*d + 18420, -5*p + 18408 = -2*d. What is the hundreds digit of p?
6
Let y = -1202 + 3433. What is the thousands digit of y?
2
Suppose 3*v - 624 = 2*f, 0 = v + 3*v - 4*f - 832. Suppose -j + v = j. Suppose 9*s + j = 13*s. What is the tens digit of s?
2
Suppose 0 = -2*t + 26 + 28. Suppose -t - 38 = -5*c. What is the tens digit of c?
1
Suppose -3*f = -4*w - 284, -2*f - 39 - 174 = 3*w. Suppose 2*j + 5*p + 65 = 0, 0 = 4*j - 0*j + 5*p + 145. Let s = j - w. What is the units digit of s?
1
Let z = -538 + 1138. What is the tens digit of z?
0
Suppose -6*q + 7363 = 931. What is the units digit of q?
2
Let q = 89 - 85. What is the tens digit of 161 + (1/1 - q)?
5
Let y be 5 + (0 - 0 - -2). Let x be 10/(-35) + 331/y. Suppose -3*z + x = -4. What is the tens digit of z?
1
Let m = 775 + 241. What is the tens digit of m?
1
Let d be (0 + 0)/(-9 + 11). Suppose 5 = 3*o - o + r, d = 3*o - 3*r - 12. Suppose -5*s + 80 = 3*x, o*x - 4*x = -4*s - 4. What is the units digit of x?
0
Let q(u) = 2*u**2 + 13*u - 4. Let n be q(-7). What is the hundreds digit of n/(-1*(-2)/74)?
1
Let s(u) = 4*u - 29. Let g be s(14). What is the units digit of ((-8)/10 - 1)*(-90)/g?
6
What is the hundreds digit of 3633/7 + 1 + 2?
5
Let g = -389 - -1637. What is the hundreds digit of g?
2
Let t(v) = 13*v**3 + v**2 - 16*v - 21. What is the hundreds digit of t(6)?
7
Let x = -107 + 316. What is the hundreds digit of x?
2
Let k(z) = z - 28. Let p be k(14). Let x = 93 + p. What is the units digit of x?
9
Let g = 330 + 314. What is the tens digit of g?
4
Let m be (-12)/20 + 4/(-10). What is the units digit of (7 - -288 - 4)*m/(-3)?
7
Suppose -7*z = -3*z - 2*v - 40, -3*z + 30 = -2*v. Let o(x) = x**3 - 8*x**2 - 5*x - 12. What is the hundreds digit of o(z)?
1
Let f(g) = 37 - 2*g + 4*g - 25. What is the units digit of f(-4)?
4
Suppose p - 528 = -n, 4*p = 6*p - n - 1041. What is the tens digit of p?
2
Suppose 8*n = -1857 + 24721. What is the hundreds digit of n?
8
Suppose 2*x = -2*c + 4822, -7227 = 2*c - 5*c + 3*x. What is the tens digit of c?
1
Let j(n) be the first derivative of -n**5/120 + 4*n**4/3 + 4*n**3/3 - 2. Let f(b) be the third derivative of j(b). What is the tens digit of f(0)?
3
Suppose 101 = 3*w - 10. Let u = w + 16. Suppose i - c = u, 0 = 3*i + c + 4*c - 159. What is the units digit of i?
3
Let j(h) = -3*h - 2. Let g(p) = -p**3 + 6*p**2 + p - 7. Let r be g(6). Let z be j(r). What is the tens digit of (15 - -15) + (-4)/z?
2
Let k(a) = 62*a**2 + 15*a - 1. What is the units digit of k(-6)?
1
Suppose u + 7*u = 8096. What is the thousands digit of u?
1
Suppose -3*t - 5*n = -0*n - 37, 4*t + 4 = 4*n. Let i = t - -4. What is the units digit of i?
8
Let g(a) = 2*a**2 - 4. Let c be g(-3). Suppose -250 = -5*k - l, -2*k + l + 114 = c. What is the tens digit of k?
5
Let r be ((-2)/(-1))/((-6)/(-612)). Let b = r - 104. What is the hundreds digit of b?
1
Suppose -2*x - 80 = -4*x. Let z = 25 - x. Let p = z + 27. What is the units digit of p?
2
Let s(w) = w**2 - 4*w + 14. Let n be s(7). Suppose 0 = 39*z - n*z - 36. What is the units digit of z?
9
Let s(z) = -z**3 + 15*z**2 + 23*z + 23. What is the tens digit of s(14)?
4
Let h(f) = 5*f**2 + 3*f + 2. Let l be h(-1). Suppose -2*v = l*m - 124, 0*v + 4*m = v - 32. What is the tens digit of v?
5
Let u(g) = g**2 + 3*g + 40. Let r be ((-4)/10)/((-3)/75). What is the tens digit of u(r)?
7
Suppose 0*y - 8*y + 32 = 0. What is the tens digit of (1 - (y - 2))*(1 - 284)?
8
Suppose 3*c + 995 = 2*g + 4*c, g + 4*c - 480 = 0. What is the hundreds digit of g?
5
Suppose -3*z - i = 2, 0 = 2*z - 2*i + 2 - 14. Let g(j) = 96*j + 1. Let x be g(z). Let t = x - 56. What is the units digit of t?
1
Suppose 6*u - 2*c - 14 = 2*u, c + 5 = u. Suppose -p = 2, -d + 3*d + u*p = 324. What is the units digit of d?
4
Suppose -4*b = 10*m - 8*m - 3016, 4*b - m = 3028. What is the units digit of b?
6
What is the units digit of (0 + -2245)/(120/(-96))?
6
Suppose 0 = 22*c - 857 - 7745. What is the hundreds digit of c?
3
What is the units digit of -1*(6 + 2332/12)*-3?
1
Suppose 0 = 5*t - 2*l - 680, -2*t + 5*l + 293 = -0*l. What is the hundreds digit of t?
1
Let l(b) = 5*b - 20. Let s be l(4). Suppose -3*j + 19 - 7 = s, 4*j = -3*h + 169. What is the tens digit of h?
5
Let h(i) = -i**3 - 9*i**2 - 6*i - 3. Let r be h(-9). Let j = -28 + r. What is the units digit of j?
3
What is the hundreds digit of 0 + 9 + -4 - -3757?
7
Let v be 1/(-14)*-4 - (-534)/(-7). Let r = -29 - v. What is the units digit of r?
7
Suppose -t = -83 + 1. Suppose -5*m + t = -53. What is the tens digit of m?
2
What is the tens digit of (7 + 58/4)*2?
4
Let n(o) = o**3 + 9*o**2 - 16*o - 15. Let g(i) = i**3 + i**2 - 10*i - 2. Let m be g(-4). What is the units digit of n(m)?
5
What is the tens digit of 3*(-296)/72*-33?
0
Let v(r) be the third derivative of 4*r**5/15 + 5*r**4/24 + 7*r**3/6 + 4*r**2. Let a be v(-3). Suppose -3*z = -7*z + a. What is the units digit of z?
4
Let z(r) be the second derivative of r**5/20 - r**4/12 - r**3/3 + 9*r**2/2 - 28*r. What is the units digit of z(0)?
9
Let t = -18 + -764. Let r = -540 - t. What is the tens digit of r?
4
Let f = -234 - -161. Let d = 18 - f. What is the units digit of d?
1
Suppose 0 = 2*d - 6. Let b = -7 + d. What is the units digit of 3 + ((-18)/(-3) - b)?
3
Let j(t) = -15*t - 10. Let r(d) = 2*d**3 + d**2 + d - 1. Let i be r(-1). What is the tens digit of j(i)?
3
Let r = -114 - -438. What is the units digit of r?
4
What is the tens digit of 755/10*6 - (-5 - -2)?
5
Let z be ((-2)/4)/((-4)/16). Let v be 20/3*21/z. Suppose -4*r = r - v. What is the tens digit of r?
1
Suppose 0 = 11*y - 7*y - 12. Suppose -6*u + 216 = -y*u. What is the units digit of u?
2
Let j(g) be the second derivative of -3*g - g**3 + 2*g**3 + 0*g. 